10, what is -1 - 10575?
-10576
In base 3, what is -1210221200210 + -10?
-1210221200220
In base 13, what is -18 + -1685b?
-16876
In base 14, what is 3668 + -a?
365c
In base 2, what is 100 - 11110000011010?
-11110000010110
In base 14, what is -6 + -c440?
-c446
In base 14, what is 5 + 4992?
4997
In base 11, what is -211711 + 5?
-211707
In base 12, what is -22a7 - aa?
-2395
In base 12, what is 157513 - 5?
15750a
In base 15, what is 4b0 + -56?
459
In base 9, what is -1225 + 2556?
1331
In base 7, what is 23 - 121200?
-121144
In base 2, what is 10101 - 1110100001?
-1110001100
In base 7, what is -6262 - -100?
-6162
In base 13, what is 4 + -238?
-234
In base 10, what is -4480 - -17?
-4463
In base 16, what is -a94f + -3?
-a952
In base 13, what is -7b8 + 7?
-7b1
In base 4, what is -11 + 12121001101?
12121001030
In base 11, what is 346 + -3904?
-3569
In base 11, what is 3 + -398839?
-398836
In base 7, what is 1 - -6204?
6205
In base 2, what is -1000000 - -11001110?
10001110
In base 5, what is -10 - 30312?
-30322
In base 7, what is -4215222 - 4?
-4215226
In base 13, what is -84 + c051?
bc9a
In base 8, what is 131256 + -17?
131237
In base 7, what is 3260 - -225?
3515
In base 8, what is -27134 - -7?
-27125
In base 13, what is -2c + -1269?
-1298
In base 4, what is 1120023 - 13?
1120010
In base 15, what is 152 - -19?
16b
In base 3, what is 20021 - -100121?
120212
In base 14, what is c3348 - 5?
c3343
In base 10, what is 3004 - 23?
2981
In base 14, what is 2 - 9556?
-9554
In base 8, what is -24201 - -5?
-24174
In base 14, what is 9132c + 1?
9132d
In base 6, what is 2440004 + -1?
2440003
In base 12, what is 1b79 + 69?
2026
In base 11, what is -11a + 969?
84a
In base 7, what is 326216 - -3?
326222
In base 5, what is 4 + -1134310?
-1134301
In base 5, what is 3412233 - -22?
3412310
In base 9, what is -2 + -1684161?
-1684163
In base 12, what is -12118a - -3?
-121187
In base 5, what is -13142230 - -1?
-13142224
In base 14, what is -1 - 676?
-677
In base 14, what is 2121 + -1d?
2102
In base 7, what is -2115 + -506?
-2624
In base 8, what is 1 + 37474?
37475
In base 14, what is 17b3 - 15?
179c
In base 2, what is 1110001001001 - -1?
1110001001010
In base 7, what is -143 + -2315?
-2461
In base 10, what is 1112282 + -5?
1112277
In base 7, what is 2023 - -32?
2055
In base 15, what is -328989 + 2?
-328987
In base 9, what is -241 + -33?
-274
In base 16, what is -c64f - b?
-c65a
In base 11, what is 18974 - -2a?
189a3
In base 10, what is 27 + 34670?
34697
In base 6, what is 542 + 1235?
2221
In base 13, what is a + 21665?
21672
In base 15, what is bac + -6?
ba6
In base 15, what is 3 + -2777a?
-27777
In base 14, what is -11dbb + -27?
-12004
In base 16, what is -f + -3e?
-4d
In base 5, what is 3 + -100003?
-100000
In base 2, what is 11000101011101 - -10?
11000101011111
In base 11, what is -961 + -1836?
-2697
In base 5, what is -31 - -41101?
41020
In base 2, what is -11 + -100000100110100?
-100000100110111
In base 7, what is 14226 - 23?
14203
In base 11, what is 9 - -38310?
38319
In base 6, what is 500450 + -31?
500415
In base 13, what is -aa5 - -9?
-a99
In base 14, what is -2 - -452b?
4529
In base 8, what is 241431 + 0?
241431
In base 13, what is -3b48c + 5?
-3b487
In base 13, what is 1 - 50?
-4c
In base 10, what is -14086 - -22?
-14064
In base 7, what is -1 + -10251563?
-10251564
In base 12, what is -21675 + 5?
-21670
In base 12, what is -1559 - 0?
-1559
In base 9, what is 11710 + 4?
11714
In base 12, what is -2550 - -1?
-254b
In base 16, what is 47 + 9b5?
9fc
In base 16, what is 9ee - -151?
b3f
In base 14, what is -9489a - 6?
-948a2
In base 5, what is -10 - -2422004?
2421444
In base 4, what is 30222 - 2300?
21322
In base 5, what is -120 + -20122?
-20242
In base 9, what is 5 + 31226?
31232
In base 11, what is 42 + 10543?
10585
In base 8, what is 12033 - 117?
11714
In base 6, what is -2044 - 1533?
-4021
In base 14, what is 22 + 4ca?
50c
In base 9, what is -732118 + -2?
-732121
In base 12, what is 12831 + 10?
12841
In base 15, what is 41 - 4d5?
-494
In base 14, what is 12b1c0 - -4?
12b1c4
In base 11, what is 2 - 1497a2?
-1497a0
In base 10, what is 79 - -17?
96
In base 7, what is -3433 - -20?
-3413
In base 14, what is -3 + -6c?
-71
In base 16, what is 98 - 16f?
-d7
In base 10, what is 33 - -361?
394
In base 13, what is -a + -c371?
-c37b
In base 13, what is -4 - 48a6b?
-48a72
In base 7, what is 46 + -404430?
-404351
In base 2, what is -110110101111 + 1000011100?
-101110010011
In base 10, what is 177 + -12571?
-12394
In base 2, what is 1101101 + 11010000?
100111101
In base 3, what is -1 - -10022201?
10022200
In base 15, what is 2d7 + 1b?
303
In base 6, what is -11 - 4215?
-4230
In base 10, what is 21227 - 1?
21226
In base 7, what is 353614 + 11?
353625
In base 9, what is -237 + -25?
-263
In base 9, what is 44861 + 0?
44861
In base 9, what is -10 - -1555?
1545
In base 7, what is 4445 + 5316?
13064
In base 15, what is -13c - 14a?
-287
In base 9, what is 6 - -246134?
246141
In base 10, what is 42283 - 14?
42269
In base 16, what is -1 - -b37?
b36
In base 14, what is 75d0 + -60?
7570
In base 9, what is -8 + -148667?
-148676
In base 14, what is -13a08cc + -1?
-13a08cd
In base 11, what is -25 - 1703?
-1728
In base 10, what is 3241 - 543?
2698
In base 9, what is -7362 + -3?
-7365
In base 3, what is 101121221101 + -1?
101121221100
In base 12, what is 3 + -1a39?
-1a36
In base 16, what is 301 + -107?
1fa
In base 10, what is 6547 + 6?
6553
In base 11, what is 1754 + 2009?
3762
In base 6, what is -10 + 10254?
10244
In base 3, what is 21022 + 1221?
100020
In base 15, what is -11b83 + -1?
-11b84
In base 13, what is -382 + 6c?
-313
In base 7, what is -4643 - -5?
-4635
In base 14, what is c64c4 - 1?
c64c3
In base 11, what is 18 - 12?
6
In base 10, what is 57037 - 3?
57034
In base 15, what is -8 - -560?
557
In base 15, what is -56b + 54b?
-20
In base 9, what is 2268487 + 1?
2268488
In base 12, what is 9347 - 35?
9312
In base 12, what is 61 - 143?
-a2
In base 3, what is 11 + -1222120200?
-1222120112
In base 3, what is -11 - -1102011012?
1102011001
In base 12, what is -332b + -9?
-3338
In base 7, what is -22 + -2316?
-2341
In base 3, what is 20 - -122222221002?
122222221022
In base 7, what is 63262 + 51?
63343
In base 13, what is -1127228 - 4?
-112722c
In base 12, what is -610b20 - 2?
-610b22
In base 10, what is 6620 - 89?
6531
In base 6, what is 452122 + -3?
452115
In base 3, what is -101112 - 20211?
-122100
In base 3, what is 11002000102 + 11?
11002000120
In base 11, what is 74 + 555?
619
In base 15, what is 4 + 11951?
11955
In base 13, what is -2 - -25434?
25432
In base 8, what is -6402 + 16?
-6364
In base 6, what is -35 - 10440?
-10515
In base 12, what is 2a7 + -331?
-46
In base 13, what is -693 + -144?
-807
In base 8, what is -4 + 3251?
3245
In base 8, what is 12257 + -1?
12256
In base 15, what is 4 + -6269?
-6265
In base 8, what is -7211 - 1761?
-11172
In base 4, what is 3020 - 210203?
-201123
In base 8, what is 6233 - 24?
6207
In base 15, what is -7a + -2dc2?
-2e4c
In base 13, what is 2 + -13916?
-13914
In base 2, what is -10 + -10000010000?
-10000010010
In base 7, what is -32 + 111?
46
In base 3, what is -10 - -1020220112110?
1020220112100
In base 13, what is 207c + -2a?
2052
In base 10, what is 10235 + 2?
10237
In base 6, what is -5114 + -45?
-5203
In base 3, what is 0 - 2221200222?
-2221200222
In base 6, what is -1 + -53030?
-53031
In base 5, what is 201 + 210023?
210224
In base 12, what is -5b25 - -4a?
-5a97
In base 12, what is 90624 - 5?
9061b
In base 2, what is 10010111101001110 + 100?
10010111101010010
In base 12, what is 190a - -34?
1942
In base 15, what is 2 - 75425?
-75423
In base 12, what is 100106 - 5?
100101
In base 13, what is -95bb + 43?
-9578
In base 7, what is 1445534 - 1?
1445533
In base 11, what is -2434530 - -3?
-2434528
In base 11, what is 3 + 11786?
11789
In base 11, what is -4 + -150954?
-150958
In base 15, what is 2a30 - -2e?
2a5e
In base 16, what is -af + 208?
159
In base 11, what is -179 + 136?
-43
In base 2, what is 1000111100 - -110011000?
1111010100
In base 15, what is 124 + 11?
135
In base 16, what is -10 + -ab2?
-ac2
In base 11, what is -12a7 + 63?
-1244
In base 7, what is -22 - 24633?
-24655
In base 8, what is -2410430 + -5?
-2410435
In base 12, what is -1 - a28